{"id":92,"date":"2022-03-13T23:44:31","date_gmt":"2022-03-14T02:44:31","guid":{"rendered":"http:\/\/pecnordeste.com.br\/2022\/?page_id=92"},"modified":"2026-04-09T08:20:22","modified_gmt":"2026-04-09T11:20:22","slug":"inscricoes","status":"publish","type":"page","link":"https:\/\/pecbrasil.org.br\/2026\/inscricoes\/","title":{"rendered":"Inscri\u00e7\u00f5es"},"content":{"rendered":"<p><img decoding=\"async\" class=\"aligncenter wp-image-3415 size-medium\" src=\"http:\/\/pecnordeste.com.br\/2025\/wp-content\/uploads\/2025\/01\/pec25-300x89.png\" alt=\"\" width=\"300\" height=\"89\" srcset=\"https:\/\/pecbrasil.org.br\/2026\/wp-content\/uploads\/2025\/01\/pec25-300x89.png 300w, https:\/\/pecbrasil.org.br\/2026\/wp-content\/uploads\/2025\/01\/pec25-1024x303.png 1024w, https:\/\/pecbrasil.org.br\/2026\/wp-content\/uploads\/2025\/01\/pec25-768x227.png 768w, https:\/\/pecbrasil.org.br\/2026\/wp-content\/uploads\/2025\/01\/pec25-1536x454.png 1536w, https:\/\/pecbrasil.org.br\/2026\/wp-content\/uploads\/2025\/01\/pec25.png 1873w\" sizes=\"(max-width: 300px) 100vw, 300px\" \/><\/p>\n<div dir=\"ltr\">\n<p><strong>DA POL\u00cdTICA DE CANCELAMENTO:<\/strong><\/p>\n<p>*O comprador tem direito ao cancelamento do pedido em at\u00e9 7 (sete) dias corridos ap\u00f3s a data da compra, conforme previsto no C\u00f3digo de Defesa do Consumidor (CDC).<\/p>\n<p>&nbsp;<\/p>\n<p>*A solicita\u00e7\u00e3o de cancelamento pode ser realizada em at\u00e9 7 (sete) dias corridos ap\u00f3s a data da compra. E para aquelas compras que foram realizadas faltando 7 dias ou menos para a data do evento, o cancelamento dever\u00e1 ser solicitado em at\u00e9 48 horas antes do in\u00edcio do evento.<\/p>\n<p>&nbsp;<\/p>\n<p><strong>VAI FAZER SUA INSCRI\u00c7\u00c3O?\u00a0<\/strong><\/p>\n<p>LEIA AS PERGUNTAS E D\u00daVIDAS NO NOSSO SITE, PARA N\u00c3O FAZER NENHUM PROCEDIMENTO INCORRETO.<\/p>\n<p>&nbsp;<\/p>\n<p><a href=\"https:\/\/app.gupe.com.br\/pecbrasil2026\/register\"><strong>CLIQUE AQUI E FA\u00c7A SUA INSCRI\u00c7\u00c3O!<\/strong><\/a><\/p>\n<\/div>\n","protected":false},"excerpt":{"rendered":"<p>DA POL\u00cdTICA DE CANCELAMENTO: *O comprador tem direito ao cancelamento do pedido em at\u00e9 7 (sete) dias corridos ap\u00f3s a data da compra, conforme previsto no C\u00f3digo de Defesa do Consumidor (CDC). &nbsp; *A solicita\u00e7\u00e3o de cancelamento pode ser realizada em at\u00e9 7 (sete) dias corridos ap\u00f3s a data da compra. E para aquelas compras [&hellip;]<\/p>\n","protected":false},"author":1,"featured_media":93,"parent":0,"menu_order":0,"comment_status":"closed","ping_status":"closed","template":"","meta":{"footnotes":""},"class_list":["post-92","page","type-page","status-publish","has-post-thumbnail","czr-hentry"],"_links":{"self":[{"href":"https:\/\/pecbrasil.org.br\/2026\/wp-json\/wp\/v2\/pages\/92","targetHints":{"allow":["GET"]}}],"collection":[{"href":"https:\/\/pecbrasil.org.br\/2026\/wp-json\/wp\/v2\/pages"}],"about":[{"href":"https:\/\/pecbrasil.org.br\/2026\/wp-json\/wp\/v2\/types\/page"}],"author":[{"embeddable":true,"href":"https:\/\/pecbrasil.org.br\/2026\/wp-json\/wp\/v2\/users\/1"}],"replies":[{"embeddable":true,"href":"https:\/\/pecbrasil.org.br\/2026\/wp-json\/wp\/v2\/comments?post=92"}],"version-history":[{"count":5,"href":"https:\/\/pecbrasil.org.br\/2026\/wp-json\/wp\/v2\/pages\/92\/revisions"}],"predecessor-version":[{"id":5782,"href":"https:\/\/pecbrasil.org.br\/2026\/wp-json\/wp\/v2\/pages\/92\/revisions\/5782"}],"wp:featuredmedia":[{"embeddable":true,"href":"https:\/\/pecbrasil.org.br\/2026\/wp-json\/wp\/v2\/media\/93"}],"wp:attachment":[{"href":"https:\/\/pecbrasil.org.br\/2026\/wp-json\/wp\/v2\/media?parent=92"}],"curies":[{"name":"wp","href":"https:\/\/api.w.org\/{rel}","templated":true}]}}